155 = -m. What is the greatest common divisor of c and 100?
20
Let t = -17 + 20. What is the highest common factor of 1 and t?
1
Let y be (3 + -5)*(-3 + -11). What is the highest common divisor of y and 4?
4
Suppose 5*y - 4*s - 226 = 0, -4*y + 24 = 2*s - 136. What is the greatest common divisor of 14 and y?
14
Let q(b) = -b**3 + 8*b**2 - 8*b + 7. Let r be q(7). Let f = r + 2. Suppose 5*n = -f*w + 45, w - 2*w + 45 = 5*n. What is the highest common divisor of 63 and n?
9
Let f(l) = -l**3 - 7*l**2 - 5*l + 7. Let x be f(-6). Let t = -3 + 5. Calculate the greatest common factor of t and x.
1
Let h be (-436)/(-18) - 6/27. Let p = -21 + 37. Calculate the greatest common factor of h and p.
8
Suppose 0 = -5*h + 4*u + 46, u - 2*u + 51 = 5*h. Let q be (-10)/(-3) - h/30. Calculate the highest common factor of 24 and q.
3
Let x(o) be the third derivative of o**6/120 + o**5/10 - o**4/8 - 3*o**3/2 - 6*o**2. Let t be x(-6). Calculate the greatest common factor of t and 36.
9
Let z(q) = q**3 + q**2 - q - 1. Let t(m) = m**3 - 3*m**2 + 6. Let l(v) = -t(v) - 2*z(v). Let r be l(-3). What is the highest common factor of 32 and r?
16
Let r = 9 + -7. Suppose 3*k - 5*v - 48 = 0, -v + 18 = r*k - 27. What is the highest common factor of k and 3?
3
Let u be (-203)/(-14) - 2/(-4). Calculate the highest common divisor of u and 135.
15
Let w be 2/3*(5 + -2). Suppose b = -4*b. Suppose 0 = 3*z + 3*c - b*c - 27, -3*c + 33 = 4*z. Calculate the greatest common factor of z and w.
2
Let y = -78 + 81. What is the highest common divisor of 9 and y?
3
Let a(w) = -w**2 - 5*w - 4. Let n be a(-3). Suppose n*k + 9 - 3 = 0. Let l be (k - -6)*16/6. What is the greatest common divisor of 64 and l?
8
Suppose -4 + 34 = 3*j. What is the highest common divisor of j and 40?
10
Let k(b) = -2*b + 6. Let q be k(-3). Suppose -q = -5*a + 8. Suppose -4*u + 110 + 18 = 0. Calculate the highest common divisor of a and u.
4
Let k(m) = 19. Let v(u) = u. Let a(x) = k(x) - v(x). Let n be a(8). What is the greatest common divisor of n and 88?
11
Let s be (-14)/(-4 - 6/(-3)). Suppose 28 = s*l - 3*l. Calculate the greatest common divisor of 56 and l.
7
Let o(w) = 7*w**3 - 5*w + 6. Let v be o(2). What is the highest common divisor of 13 and v?
13
Suppose 4*s + 2*i - 30 = 0, 6*i - 3*i - 35 = -4*s. What is the greatest common factor of 45 and s?
5
Suppose -4*n + 11 = 3. Let o be 97 + (n + -1 - 2). Calculate the greatest common factor of o and 12.
12
Let x(a) = -a**3 - 11*a**2 - 11*a - 7. Let j be x(-10). Let p be -5*(-4 + 2) - -1. Let g = -8 + p. Calculate the greatest common factor of j and g.
3
Suppose -v + 2 - 1 = 0. What is the highest common divisor of 5 and v?
1
Let o be ((-6)/4)/(3/(-4)). Suppose -10 = -5*f + 2*a, -5*a - 2 = -2*f + o. Calculate the greatest common divisor of 18 and f.
2
Let p(j) = 5*j**3 + 2*j - 3. Let x(l) = -6*l**3 - 2*l + 4. Let z(g) = 7*p(g) + 6*x(g). Let w be z(-3). What is the highest common factor of w and 192?
24
Let a be 4 - -4*(-26)/(-4). What is the greatest common factor of 15 and a?
15
Suppose 0 = z + 3*x - 27, x = 5*z - z - 134. Let m = -29 - -79. Let w = m - z. What is the greatest common divisor of w and 68?
17
Let c = 17 + -16. What is the greatest common divisor of 4 and c?
1
Let d(c) = c + 17. Let i be d(-13). What is the highest common factor of i and 44?
4
Let h(y) = -y**2 - 22*y + 10. Let b be h(-20). Calculate the highest common divisor of 350 and b.
50
Let a = -72 + 84. Calculate the highest common factor of a and 12.
12
Let o = 67 + -61. What is the highest common factor of 6 and o?
6
Let o(i) = -i - 1. Let s(f) = -34*f - 7. Let b(d) = 28*o(d) - 4*s(d). Let k be b(1). What is the highest common divisor of k and 27?
27
Suppose 6*v - 9*v + 36 = 0. Let g(a) = -a**3 - 8*a**2 - a + 4. Suppose -8 + 24 = -2*h. Let w be g(h). What is the highest common factor of v and w?
12
Let p(m) = m**3 - 3*m**2 + 2. Let o(i) = -i - 7. Let v be o(-10). Let r be p(v). Suppose z + r*z = 27. What is the greatest common divisor of z and 27?
9
Suppose -48 = -0*s - 4*s. What is the greatest common factor of s and 96?
12
Let h = 123 + -47. Suppose 114 = -t + 7*t. What is the greatest common factor of h and t?
19
Let i be 6 - 80/15 - 854/(-6). What is the greatest common factor of i and 11?
11
Suppose 6 = 4*q - 102. Suppose 3*t + 29 = 2*v, t - 6*v + q = -v. Let x = t + 12. Calculate the highest common factor of 5 and x.
5
Let p be 3*1*24/9. Calculate the greatest common factor of p and 32.
8
Let f(y) = 2*y**2 + 17*y + 22. Let t be f(-9). Calculate the highest common factor of 341 and t.
31
Suppose -2*v - w - 3 + 47 = 0, 0 = 2*v - 5*w - 32. Suppose -4*x = 3*u - 17, -4*x + 4*u + v = -3. What is the greatest common divisor of 10 and x?
5
Suppose -48*c = -45*c - 39. What is the greatest common factor of 78 and c?
13
Suppose -2*z = -3 - 1. Suppose -z*j - 15 = -5*g, -4*j = 4*g - g - 9. What is the highest common divisor of g and 33?
3
Suppose l - 5*g = 17, -2*l - 2*l = -3*g - 34. Let k = l - 3. Calculate the highest common divisor of 4 and k.
4
Let w(n) = -n + 11. Let t be w(6). Let b(z) = 8*z + 24*z - 1 - 5 + 0. Let h be b(t). What is the highest common factor of h and 14?
14
Let d be (-8)/(-10)*(23 - -2). Suppose -4*f - 26 = -6*f + 4*z, -6 = -2*f - z. What is the greatest common factor of f and d?
5
Let y be (10/15)/(4/18). Suppose -3*u + 30 = 5*w, -u = 2*w - y*w - 2. What is the greatest common divisor of 1 and u?
1
Let c = 27 - -45. Let u = -11 - -20. Calculate the highest common divisor of c and u.
9
Let s = -5 + 0. Let i = -35 + 14. Let b = s - i. Calculate the highest common factor of 144 and b.
16
Let l = 172 - 151. Let i(b) = -227*b - 2. Let a be i(-2). Suppose -x + 3*y + 909 = 3*x, -2*x = -2*y - a. What is the highest common divisor of x and l?
21
Let u(f) = -7*f + 20. Let h be u(-8). Calculate the highest common divisor of h and 4.
4
Let n = 412 + -123. Calculate the highest common factor of 17 and n.
17
Let j(c) = c**2 - 18*c - 6. Let r be j(19). Suppose 3*u - w - 43 = 0, 0*w - w = 3*u - 35. What is the highest common divisor of r and u?
13
Let k(c) = 7*c + 2. Let w be k(-2). Let g be w*22*(-3)/9. Calculate the highest common divisor of 11 and g.
11
Suppose 4*v = 48 - 12. Let p(t) = t**2 - 2*t + 1. Let s be p(4). What is the highest common factor of v and s?
9
Let z be 5/(3/(-9)*-3). Let c = z + -1. Suppose 4*m = -6*i + i + 109, -4 = -c*m. Calculate the greatest common factor of i and 14.
7
Let v = -9 + 17. Calculate the highest common factor of v and 12.
4
Suppose -4*y + 84 = -8. Suppose 3*p + 2*p - 3*g - 43 = 0, 0 = -p - 3*g + y. What is the highest common divisor of p and 121?
11
Suppose -8*a = -84 - 60. What is the greatest common factor of a and 126?
18
Suppose 5*v - 185 = -5*k, -v = -4*k - 63 + 196. Calculate the highest common divisor of k and 272.
34
Let h = 182 + -165. Suppose 5*k - 665 = -5*d, 4*k - 535 = -4*d + d. Calculate the highest common factor of h and k.
17
Suppose 0 = 2*j + j. Suppose -w + 121 = -j*w. Suppose 4*r + 20 = 0, -n + 6*r = r - 36. Calculate the highest common divisor of n and w.
11
Let l = 5 + 17. What is the highest common factor of l and 154?
22
Let b = 551 + -327. Suppose 5*z + 4*w = 194 + 81, 4*z + 4*w = b. Calculate the greatest common divisor of 17 and z.
17
Let a(w) = 3*w + 3. Let k be a(4). Let s be 18/12*2*4. Suppose 0 = 5*j - 237 + s. What is the greatest common divisor of k and j?
15
Let p be ((-2)/(-4))/((-2)/(-12)). Suppose u - 2*n - 13 = 0, -5*n = 7*u - 2*u + 10. What is the greatest common factor of p and u?
3
Let g(h) = 3*h**2 + 4*h + 1. Let r be g(3). Suppose -24 = -u - v, -v - r = -2*u + v. Let b = 14 - 12. Calculate the greatest common factor of b and u.
2
Let j(v) = v**2 + 6*v - 5. Let t be j(-7). Suppose t*w - 49 = 23. What is the greatest common factor of w and 4?
4
Let g be 20/(-15)*(-9)/(-2). Let b be 4/g + 28/6. Let x = -12 - -24. What is the greatest common divisor of x and b?
4
Suppose 16 + 84 = -5*n. Let m = -12 - n. Calculate the highest common divisor of m and 4.
4
Let a(k) = 3*k**3 + k. Let y be a(1). Suppose 0*r - 8 = r. Let s = r - -12. What is the greatest common divisor of s and y?
4
Suppose -2*d = -10, 5*c = 5*d + 29 + 111. Suppose -r + 4*r - 9 = 0. Suppose 0*p + p - r = 0. Calculate the highest common factor of p and c